uppose 2*l = u + 6, 2*f - 11 = -l. Is -6*(-32)/12 + f prime?
True
Suppose 5175 = -2*c - 12407. Let v = 14692 - 764. Let g = c + v. Is g composite?
True
Suppose -10*t - 5117274 = -15*t - 13*t. Is t a prime number?
True
Let v = 27 + -27. Suppose v = 2*a - 64 - 70. Suppose -a = -37*y + 36*y. Is y prime?
True
Let q(y) = -63274*y - 2782. Is q(-12) a prime number?
False
Suppose -5*b - 5*m = 308257 - 1019762, -426883 = -3*b + 2*m. Is b composite?
False
Let s(q) = 344*q - 1. Let m be (1 + -5)/((-15)/5 + 2). Let c be s(m). Suppose 5*i - k = c + 968, 2*i + 4*k = 946. Is i prime?
False
Suppose 135 = 5*r - 5*n, 7*r - 3*r + 4*n - 116 = 0. Suppose -3*p + r = 379. Let a = 434 - p. Is a a prime number?
False
Let d(x) = -203*x + 64. Let c be d(-11). Suppose 5*p = 25, 3*p - c = -3*i + 5*p. Is i prime?
True
Suppose -2*p + 2*z + 2764 = 0, 4*p - 5534 = -8*z + 6*z. Let b = -704 + p. Is b a prime number?
False
Let k(p) be the third derivative of 1/60*p**5 + 0*p - 10/3*p**3 - 14*p**2 + 0*p**4 + 0. Is k(-13) a prime number?
True
Let s(m) = -11*m**3 - 649*m**2 - 11*m - 37. Is s(-66) composite?
False
Suppose 4*a - 2*i = 2*i + 72, -2*i - 78 = -4*a. Suppose r - 5*t - 468 = a, 3*r = -2*t + 1433. Is r prime?
True
Let k(x) = -2*x - 20. Let o be k(-14). Let c(u) = 90*u - 3. Let p be c(2). Suppose o*l + p = 11*l. Is l prime?
True
Let k(f) = 842*f - 3. Let s = 59 - 53. Suppose -2*w - s*t - 2 = -4*t, 5*t = 2*w - 12. Is k(w) a prime number?
True
Suppose -257932 = 62*c - 2593038. Is c a composite number?
False
Let g = -63 - -395. Suppose 3564 = 3*r + l, -3*r + 3223 + g = -2*l. Is r a prime number?
True
Suppose 2*f - 19*q + 1720 = -21*q, -4*f - 5*q = 3442. Let h be (-2)/(0 + (-2)/1721). Let k = h + f. Is k a composite number?
False
Let j(c) = 127*c**3 + 18*c**2 - 34*c + 76. Is j(21) composite?
False
Suppose -p - 33 + 6 = 0. Let z(t) = 6*t**2 + 35*t + 24. Let w be z(p). Suppose 2*a = -a + w. Is a a composite number?
False
Suppose -23*r + 25*r = -5*v + 811269, -2*v + r + 324495 = 0. Is v composite?
False
Let r(z) = z + 13. Let k be r(-9). Suppose 0 = j - k*f - 1 - 8, -2*j = 5*f - 5. Is 44/110 + 1253/j a composite number?
False
Let j(b) = -b**3 - b**2 + 14*b - 2. Let k be j(3). Suppose 4*p + 2*o - 10010 = 0, 6*o - 8*o - 10014 = -k*p. Is p composite?
False
Let n be (-2)/4*(-1 + 1). Let s be 5*-1 - (-8348 - (-19 - -27)). Suppose n*z = -7*z + s. Is z prime?
True
Let h = 58808 + -29907. Is h prime?
True
Suppose -4*c + 18 = -13*c. Is (-995)/c + 2/(4/3) a prime number?
True
Let x(c) = -c + 2. Suppose -2*v - 2 - 18 = 0. Let n be x(v). Suppose -n + 61 = u. Is u a prime number?
False
Let b(v) = 17*v**3 - 3*v**2 - 3*v - 3. Let s be b(4). Let r = -386 + -190. Let f = s + r. Is f composite?
False
Let t = -464 + 468. Is 1/(-6)*-4*5646/t composite?
False
Suppose -1405935 + 257154 = -3*r - 3*u, -2*u = -5*r + 1914600. Is r a composite number?
True
Let d(v) = v**3 + v**2 - v. Let n(y) = 5*y**3 + 14*y**2 - 10*y - 17. Let p(f) = -4*d(f) + n(f). Is p(11) composite?
True
Let g = 431 - 434. Let k(h) = -10*h**3 + 7*h**2 - 2*h - 8. Is k(g) prime?
True
Suppose 4*n - 2*o = -0*o + 1270, 2*n + 3*o - 631 = 0. Let u = n - -372. Is u a prime number?
False
Let p = 3225 + 33112. Suppose 17811 = 4*y - p. Is y prime?
True
Suppose 0*q = -2*q - 10616. Let s = 437 - q. Suppose -4*p - s = -9*p. Is p prime?
False
Let v = 6545 + -3488. Let k = 7004 - v. Is k a prime number?
True
Let n = -1888 - -878. Let u = n - -2133. Is u prime?
True
Let f(b) = 10142*b**2 - 75*b + 200. Is f(3) prime?
True
Let t(v) = -8*v**3 + 2*v**2 - 12*v + 2. Let u be t(4). Let o = u + 1717. Is o a composite number?
True
Suppose 3*l = 82 + 1682. Let x = 2249 - l. Is x composite?
True
Let w be 418/133 + 2/(-14). Suppose 2*x = 4*g + 6*x - 22832, -3 = -w*x. Is g composite?
True
Suppose -176 = -7*i + 76. Let v be i/(-9) - (0 + 5102). Is ((-64)/12 - -5)/(2/v) prime?
False
Is -24627*(6 + -9 - (5 + -5 - 2)) prime?
False
Suppose -2*n - c + 172 = 0, 2*n + 4*c = n + 93. Suppose -7*f + 9*f + 277 = 3*r, 0 = -r - 3*f + n. Is r a composite number?
True
Let a = -541 - -541. Suppose -3*z - 3*m + 51351 = a, -2*z - 3328 = -4*m - 37538. Is z a prime number?
False
Let r be ((-7518)/10)/((36/(-45))/4). Is r - ((-4)/(-26) + 336/(-156)) composite?
False
Let z(g) = -2*g + 3. Let a be z(2). Let x(y) = 582*y**2 + 3*y + 6. Let w(l) = -2*l**2 + l. Let r(d) = 4*w(d) + x(d). Is r(a) a prime number?
False
Let i = -44 + 52. Let h = i + -3. Suppose -h*f + f = -2348. Is f prime?
True
Suppose -3*p + 93671 = 4*s, -s + 9206 + 14210 = p. Is s composite?
True
Suppose -50*d + 37*d = -114*d + 85935547. Is d a composite number?
True
Suppose -8 - 8 = -4*s. Suppose 3*t = s*b + 90, -5*b - 5*t + t - 128 = 0. Is 32/b - 2522/(-6) composite?
False
Let i(f) = -f**3 + 10*f**2 + 10*f + 7. Let b be i(-11). Suppose 0 = -z - z + 4*g + b, 5*g - 2429 = -2*z. Is z prime?
True
Let n(v) = v**3 + 16*v**2 - 2. Let w(o) = o**2 - 23*o + 26. Let g be w(21). Let y be n(g). Is y*(0 + -3)*(-167)/(-2) prime?
False
Suppose -1721 = 2*z - 433. Let s(r) = 2*r - 1038. Let w be s(-32). Let l = z - w. Is l composite?
True
Let a = -25 + 31. Suppose -5*k + 5*z = -a*k + 425, 0 = 3*k + 5*z - 1315. Is k a prime number?
False
Let v(f) = -f**3 + 4*f**2 + 41*f - 19. Let w(k) = k**2 + 4*k + 1. Let y(g) = -v(g) + 3*w(g). Is y(19) prime?
False
Let w = -25 - -64. Let r = 43 - w. Suppose -5*k + r*j = -2455, -2*k + 709 + 273 = -j. Is k composite?
False
Suppose -3*y - 5*x = -3211, 4*y + x + 845 = 5132. Suppose -r = 5*j - y, 3*r = -4*j + 3234 + 15. Is r composite?
False
Is 52926 + (-228)/(0 + 12) a composite number?
True
Let t be 2*(-1)/((-7)/175756). Suppose -232804 = -28*a - t. Is a composite?
False
Suppose -s + 36267 = j, 29 = -s + 30. Is j a composite number?
True
Let b(u) = -3*u + 47. Let y be b(14). Let d be (5*-2)/(y - 7). Suppose f = 4*w + 111, 3*f + 2*f - d*w - 615 = 0. Is f composite?
False
Suppose 3*o - 3*w - 329 - 277 = 0, -w - 405 = -2*o. Let c = o - -498. Is c prime?
True
Let d be (2/(-5))/(474/60 + -8). Suppose -3021 - 1095 = -4*z + 4*b, -3*b = -d*z + 4114. Is z a prime number?
False
Let i = 56902 + -26145. Is i composite?
False
Let d(j) = -j + 1. Let o(s) = 123*s - 24. Let r(k) = -4*d(k) - o(k). Let b be -13*-4*3/(-12). Is r(b) a prime number?
True
Let f = -6920 - -11979. Is f prime?
True
Let a = 22584 + -5295. Let x = a - 10650. Is x prime?
False
Let l be (16/6)/((-8)/(-12)). Let p be (-2 - -4)/(l/582). Suppose 4*n + 7 = p. Is n a composite number?
False
Suppose 61*g + 63*g - 115*g = 1108017. Is g a prime number?
True
Suppose -2*j + 256286 = 4*k, -94307 - 33834 = -j - 3*k. Is j composite?
False
Is (0 + 472051)/(9*(2/18)/1) prime?
True
Suppose -5009 = -20*f + 29631. Let q = 11635 + f. Is q a composite number?
False
Suppose 4*x + z = 463642, 0 = 26*x - 22*x + 4*z - 463660. Is x a composite number?
True
Let x(f) = 115*f**2 - 6*f - 9. Let q(k) = 3*k - 41. Let a be q(13). Let c be x(a). Let p = c - -26. Is p composite?
True
Let s = -14 - -25. Let d(f) = 4*f**3 - f**2 - 16*f + 2. Let x(h) = h**3 + h**2 + 2*h - 2. Let b(p) = d(p) - 3*x(p). Is b(s) a prime number?
True
Suppose 0 = -3*r + 2*u - 69, 43 = -r - u + 15. Is (-564 + -2)/(10/r) a prime number?
False
Let f(k) = -534*k**2 - k + 5. Let t be f(4). Let b = t + 4530. Let n = b + 5670. Is n a composite number?
False
Suppose 29*r - 34*r + v = 32, -2*r - 3*v - 6 = 0. Let t(u) = 166*u**2 + 41*u + 7. Is t(r) composite?
False
Let d = -144 - -154. Suppose -71878 = -d*j + 10812. Is j a composite number?
False
Suppose -48*q - 46404834 = -205410578 - 102908608. Is q composite?
True
Suppose -10*q + 72 = -4*q. Suppose -17*j = -q*j - 7870. Is j prime?
False
Let o(c) = 421*c + 1. Let l = -87 + 88. Is o(l) a prime number?
False
Let m be -3 + (0/(-2)*1 - 2). Let k be m/((-15)/39) - -1. Suppose -k*g + 10*g = -5908. Is g prime?
False
Suppose 2*z - 6*z = -2*h - 24, z - 16 = -2*h. Suppose z*d = 46 + 26. Is (-255)/(-2) + d/(-18) a composite number?
False
Suppose d + 2*z = 4, -13*z + 17*z + 64 = 4*d. Is (1 - -3 - 6)/(d/(-3810)) composite?
True
Suppose 68157 = -0*g + 9*g. Suppose -384*v - g = -385*v. Is v a prime number?
True
Let w = -81 + 85. Suppose 3*j - w*l = 367, 2*j + 3*l - 187 = 69. Let i = 176 - j. Is i a prime number?
False
Suppose -1932 = 3*b - 7*b. Suppose -106*c - 109560 = 63*c - 37*c. Le